7 (base 16) to base 14
-19299
What is 403173 (base 13) in base 11?
929a88
Convert 7754013 (base 8) to base 11.
11a5a33
What is 953c10 (base 15) in base 14?
d2b832
-1332435 (base 6) to base 13
-27b87
653507 (base 10) to base 8
2374303
-4c2927 (base 15) to base 3
-20212122002101
What is -301222130 (base 4) in base 3?
-101100001002
-2102112321 (base 5) to base 3
-22011002200021
Convert -4425601 (base 7) to base 16.
-84f7c
Convert -1111100121 (base 3) to base 15.
-8ab4
What is -30f30 (base 16) in base 15?
-3e616
Convert -10111101110111000 (base 2) to base 5.
-11102313
-1dc4c6 (base 14) to base 6
-34542514
Convert -10020352 (base 6) to base 2.
-1000101000000101100
What is -1c5d0 (base 15) in base 9?
-150726
Convert 801181 (base 16) to base 13.
197b333
What is -681033 (base 9) in base 16?
-637f5
-346074 (base 11) to base 14
-104504
1015024253 (base 6) to base 15
de4183
What is 30101236 (base 8) in base 11?
362aa94
What is -3a62d (base 15) in base 2?
-101101101010001010
What is 10012010102210 (base 3) in base 11?
a58730
What is 22203201 (base 4) in base 9?
65266
Convert 1124993 (base 11) to base 12.
7ab161
What is 562ba (base 14) in base 3?
101121211110
What is -1143051 (base 6) in base 14?
-17d8b
Convert -b5db6 (base 15) to base 2.
-10001100110101001110
564120 (base 9) to base 7
2604222
2867570 (base 9) to base 10
1580211
What is -120102021102 (base 3) in base 4?
-1022011220
31a54 (base 12) to base 16
ffa0
-220002020201220 (base 3) to base 5
-11234030421
Convert 12153302 (base 6) to base 3.
201201121002
Convert 1001101111110110111111 (base 2) to base 13.
6b6138
What is 213000255 (base 7) in base 3?
212220112200010
What is -12120111101 (base 3) in base 4?
-122302033
Convert -1000100100011000011110 (base 2) to base 13.
-6084c8
What is 3246436 (base 7) in base 5?
100222241
What is c8c88 (base 13) in base 2?
1011000011111010000
Convert 110011001110101011 (base 2) to base 4.
303032223
Convert 1a7c8d (base 16) to base 2.
110100111110010001101
-320301113 (base 4) to base 8
-706127
225540132 (base 6) to base 5
2033242004
-1455606 (base 9) to base 16
-c46e3
Convert -3002201031 (base 4) to base 10.
-796749
Convert 2102110021022 (base 3) to base 2.
100111010100010010100
Convert 26b3b (base 14) to base 15.
1d470
Convert 101020200012112 (base 3) to base 15.
72886e
Convert -4423432112 (base 5) to base 9.
-20040736
What is -43536 (base 8) in base 9?
-27050
Convert 545644 (base 10) to base 9.
1021431
Convert -aab75 (base 12) to base 2.
-110111010000001001
1a36515 (base 11) to base 10
3434601
-110a8 (base 12) to base 15
-6a62
What is -100011110110001111110 (base 2) in base 14?
-22811c
Convert -5a8783 (base 16) to base 12.
-1ba14ab
12201012200020 (base 3) to base 15
3ee549
Convert 228dd6 (base 15) to base 9.
3084483
33213203 (base 5) to base 11
187881
Convert -11020001201110 (base 3) to base 4.
-20210013330
Convert -110010101001111110010010 (base 2) to base 11.
-754a88a
Convert -210000010022 (base 3) to base 8.
-1447370
2344847 (base 10) to base 15
314b82
Convert -303b7 (base 16) to base 4.
-300032313
Convert -28812a (base 11) to base 13.
-129aba
Convert c0c8a (base 15) to base 10.
610330
200020001000021 (base 3) to base 13
2011246
-167719 (base 12) to base 8
-1362505
2288378 (base 10) to base 12
924362
3404a (base 12) to base 8
207072
8b8276 (base 12) to base 5
1032423304
-1221176 (base 8) to base 16
-5227e
Convert -152615 (base 9) to base 8.
-267164
What is -13023 (base 4) in base 5?
-3314
-11a477 (base 12) to base 3
-112121101201
-11020102011 (base 3) to base 7
-465112
Convert 31223033133 (base 4) to base 7.
42320604
Convert -4174251 (base 8) to base 12.
-4577a1
-50142 (base 9) to base 10
-32924
What is -140001204 (base 6) in base 10?
-2799652
What is -825702 (base 9) in base 13?
-141ba5
Convert 1110011110110101101 (base 2) to base 6.
14100541
Convert 331210 (base 10) to base 14.
889bc
What is 3441432132 (base 5) in base 7?
122666341
Convert -31000321 (base 4) to base 7.
-311260
-1589c64 (base 13) to base 7
-112635465
-45ca14 (base 13) to base 9
-3103603
-192b35 (base 12) to base 2
-1101011100011011001
Convert -210532 (base 8) to base 4.
-101011122
What is -154253066 (base 7) in base 3?
-201120100212002
Convert 15210350 (base 6) to base 16.
8171a
-14152575 (base 8) to base 6
-152332325
What is 501950 (base 13) in base 16?
1c6298
887234 (base 15) to base 14
c14444
Convert 10221222021 (base 3) to base 14.
205c3
1521a (base 13) to base 14
10787
Convert 5cb83 (base 13) to base 7.
1311636
What is 828406 (base 9) in base 11?
306449
Convert 2320432 (base 10) to base 5.
1043223212
-162220210 (base 7) to base 5
-10302324003
What is -14229 (base 13) in base 14?
-da66
What is 201000211110 (base 3) in base 12?
160933
-111101110000000111 (base 2) to base 3
-110211221222
Convert 514315 (base 12) to base 9.
2348178
1202112120010 (base 3) to base 7
10645014
What is -39a29 (base 14) in base 10?
-141941
Convert -15310354 (base 6) to base 7.
-4400314
What is 2143243 (base 6) in base 4?
122020023
Convert 111112012002 (base 4) to base 12.
1a5a196
What is 10002010022 (base 3) in base 10?
60596
What is -22060504 (base 7) in base 8?
-7171117
What is -4640087 (base 9) in base 10?
-2506381
3af13 (base 16) to base 4
322330103
Convert 282394 (base 10) to base 15.
58a14
What is -2515641 (base 7) in base 3?
-121110010120
Convert -39845a (base 14) to base 13.
-545200
Convert -3421659 (base 10) to base 13.
-92a567
-d952 (base 15) to base 2
-1011001110011001
-100111111011110110001 (base 2) to base 14
-260c6d
Convert 8080947 (base 10) to base 3.
120012112222100
-3241771 (base 11) to base 2
-10101101111000001000101
Convert 203102210 (base 4) to base 8.
432244
15211453 (base 7) to base 12
59a224
-322331323 (base 4) to base 2
-111010111101111011
What is -1111001101010011101101 (base 2) in base 16?
-3cd4ed
What is -33995 (base 11) in base 14?
-13c7b
-232363 (base 7) to base 12
-20167
What is -35642504 (base 7) in base 3?
-12222001202212
What is 1112201002011 (base 3) in base 9?
1481064
8a61d (base 15) to base 12
192854
-2628867 (base 9) to base 2
-101011110110010100111
Convert 103011231 (base 4) to base 11.
53821
-25512212 (base 6) to base 11
-51a527
What is -4435111 (base 6) in base 4?
-312120103
102210222303 (base 4) to base 5
2221300122
Convert 143110412 (base 5) to base 6.
24054025
What is 13012642 (base 7) in base 16?
1200fd
198687 (base 13) to base 8
2357603
Convert -2161136 (base 7) to base 14.
-6d3c6
Convert -36ec64 (base 15) to base 3.
-11221201022111
312a41 (base 12) to base 3
1110020020011
What is -3243150 (base 10) in base 13?
-897231
What is -665092 (base 12) in base 11?
-a10836
Convert -31422220 (base 5) to base 12.
-108990
210070 (base 11) to base 6
11115204
Convert 155606 (base 9) to base 15.
1d696
What is 5044353 (base 9) in base 7?
31556550
-13513311 (base 6) to base 2
-1110000100000101011
Convert -11385 (base 11) to base 3.
-211112110
What is -1110001011001101101 (base 2) in base 4?
-1301121231
Convert -1302234314 (base 5) to base 14.
-5c55a7
Convert -4471475 (base 11) to base 4.
-131320303100
Convert 1010021211012 (base 3) to base 16.
918e0
Convert ae644 (base 15) to base 11.
349a08
Convert -28404a8 (base 12) to base 13.
-1889510
Convert -402ede (base 15) to base 12.
-102b7b5
Convert 312561 (base 7) to base 8.
151044
What is -5bb09 (base 14) in base 15?
-4676e
What is 158942 (base 11) in base 5?
30333124
Convert 36f5 (base 16) to base 9.
21262
Convert 44474 (base 9) to base 16.
736f
-425224 (base 8) to base 5
-14020342
430331142 (base 5) to base 2
110111001011110101001
What is 178e46 (base 15) in base 14?
21ac7c
Convert 6307125 (base 8) to base 2.
110011000111001010101
What is 10701 (base 14) in base 5?
2233124
Convert -89242 (base 10) to base 5.
-10323432
11011101100001010100 (base 2) to base 15
12dc9d
What is 42141313 (base 5) in base 10?
349583
-b7ddc (base 16) to base 5
-143044431
-58a62 (base 11) to base 16
-14c8b
What is 1b1ab (base 14) in base 13?
254c8
Convert 108821 (base 10) to base 15.
2239b
Convert -25884 (base 15) to base 11.
-82216
Convert -18700 (base 12) to base 6.
-432400
Convert 105206355 (base 8) to base 15.
18d9bc1
What is 1260436 (base 7) in base 16?
28804
-212a4 (base 13) to base 7
-336214
-200303232 (base 4) to base 15
-29c3c
What is 49f20 (base 16) in b